at is v(u)?
-5
Let c(r) = -r**3 + 4*r**2 - r + 63. Let g = 4266 + -4266. Give c(g).
63
Let w(x) be the first derivative of 11*x**3/3 - x**2/2 + x + 1188. Let g be ((-8)/6)/(20/(-45)). Suppose 3*b = -l - 2, b + 7 = g*b - l. Calculate w(b).
11
Let l be 2/(5*(-14)/(-1715)). Let f(a) = -1 - l*a + 1 + 104*a - 54*a. Determine f(-3).
-3
Let j(p) = -7*p**2 + 6*p + 8. Let u(g) be the third derivative of 13*g**5/60 - g**4/2 - 5*g**3/2 + 10*g**2. Let x(s) = 11*j(s) + 6*u(s). What is x(3)?
-11
Suppose 0 = 2*h + 1 - 7. Suppose -1 = h*t - 2*t. Let r(v) = -v**2 + v. Let q(m) = 6*m**2 - 2*m. Let j(x) = -q(x) - r(x). Give j(t).
-6
Suppose 0*d = -2*c + 5*d + 58, -3*c - 2*d = -87. Suppose -17*z - c - 5 = 0. Let x(l) = 4*l**2 - l + 2. What is x(z)?
20
Let x(r) = r**2 - 5. Suppose -15*n = -268 - 32. Suppose n = 5*o - 5*l, 68*o - 10 = 67*o - 2*l. Determine x(o).
31
Let k = 3567 - 3572. Let a(c) = c**2 + 14*c + 3. Give a(k).
-42
Let c(t) = -t**3 + 2*t**2 + 2*t + 4. Let a be (-2)/((2/3)/(-4 - 1)). Let l be (a/(-10))/((-5)/10). What is c(l)?
1
Let w(m) be the second derivative of -m**4/6 + 3*m**3/2 + 10*m**2 - 2*m + 258. Determine w(6).
2
Let v(b) = -21*b - 4. Let q(i) = -42*i - 9. Let r(z) = -3*q(z) + 7*v(z). Let w(y) = -y**3 + 2*y**2 + y - 3. Let o be w(2). What is r(o)?
20
Let v = -42 + 37. Let l be v*(6/5 - 0). Let y be -1 - 3*(-8)/l. Let c(w) = -4*w - 7. Give c(y).
13
Let y(o) be the first derivative of o**5/60 + 7*o**4/24 - 3*o**3/2 + 11*o**2/2 - 52. Let i(c) be the second derivative of y(c). Calculate i(-8).
-1
Let l(t) = t. Let w(m) = 9*m + 3. Let a(k) = -6*l(k) + w(k). Suppose 113*s = -29 - 423. Calculate a(s).
-9
Let t = 9 + -5. Let s(c) = 4 - 7*c - 26*c**2 - 6*c + 5*c + 2*c. Let x(p) = 11*p**2 + 3*p - 2. Let g(o) = 3*s(o) + 7*x(o). Give g(t).
-6
Let l(o) = 2 - 80 - 18 + 2 - 5*o + 0. Give l(-14).
-24
Let f(p) be the third derivative of -p**6/120 - 11*p**5/60 - 11*p**4/24 - 3*p**3/2 - 2*p**2 - 129. Suppose -o + 5 = -2. Suppose 3 + o = -u. Determine f(u).
1
Let m(q) = q**3 - 5*q**2 - 10*q - 20. Let j(p) = -40*p + 407. Let s be j(10). Let l be m(s). Let f(t) = 8*t - 6. Determine f(l).
58
Let u(d) = -8*d - 12*d + 6 + 19*d. Let v be (1 + 13)*(-1)/2. Let s be (-1 - (-2 + 2))*v. What is u(s)?
-1
Let u(h) = h**3 + h**2 - 2*h - 5. Suppose 3*m - q + 47 = 0, -6*m + 5*q + 69 = -10*m. Let f be 0/(4/m - 20/(-16)). What is u(f)?
-5
Let s(p) be the first derivative of -p**4/2 - 18*p**3 + 57*p**2/2 + 35*p + 2373. What is s(-28)?
7
Let f(u) be the first derivative of u**6/360 + 7*u**5/120 - u**4/4 + 3*u**3 - u + 7. Let x(h) be the third derivative of f(h). What is x(-7)?
-6
Let t(n) = -3*n - 18. Let r(d) = 94*d + 461. Let o be r(-5). Calculate t(o).
9
Let g(s) = -s**2 - 11*s + 33. Let y be (72/(-32))/(2/12) - (-2)/4. Determine g(y).
7
Let l = 43915 + -43920. Let g(u) = -110*u - 549. What is g(l)?
1
Suppose 5*u = -5*u. Suppose 4*x - 4*j - 3 = -x, 3*x - 3*j = u. Let i(p) = 2*p - 109 + 0*p + 111 - x*p. Give i(-6).
8
Let i(w) = -w**3 + w**2 + w - 1. Let o(j) = 3*j**3 + j**2 - 82*j + 2. Let c(s) = 2*i(s) + o(s). Let k(a) be the second derivative of c(a). Give k(6).
42
Suppose -363 + 393 = -5*m. Let p(v) be the first derivative of -v**4/4 - 7*v**3/3 - 3*v**2 - 6*v + 34. Calculate p(m).
-6
Let c(f) = f**3 - 4*f**2 - 8*f + 14. Let z be c(5). Let d(o) = 3. Let l(s) = -2*s + 3. Let r(w) = z*d(w) + l(w). Give r(8).
-16
Let b(x) = x**2 - 9*x - 3. Let s(j) = -8*j + 23 - 9 - 1 + 9 - j**2. Let o be s(-10). Suppose -3*a + 15 = o*c, 3*a = 5*c + 38 - 2. What is b(a)?
-17
Let t(c) be the second derivative of -4*c**6/15 - c**5/60 - c**4/12 - c**3/6 + 134*c**2 + 5*c - 2. Let s(p) be the first derivative of t(p). Calculate s(-1).
32
Let v be (-29)/(-145)*(-3 - -1)*5. Let c(o) = -3*o + 2. Let x = 0 + -4. Let j(w) = 8*w - 5. Let a(y) = x*j(y) - 11*c(y). Determine a(v).
-4
Let k(q) = 3*q + 617 + 597 + 609 - 2464 + 607. Let y = 22 - 13. Give k(y).
-7
Let n(m) = -m - 13. Let q be (-100)/36 + 3 + 2/(-9). Suppose q = 26*d - 160 + 498. Give n(d).
0
Let p be (-6192)/1032 - (2/(-8) + 82/8). Let u(a) = -9*a - 131. What is u(p)?
13
Suppose 78*k + 105 = -441. Let t(v) = 10*v**2 + 73*v + 9. Give t(k).
-12
Let p(i) = -4 + 12*i**3 + 5852311*i**2 - 5852308*i**2 + 2*i + 0. Give p(-2).
-92
Let m(o) = o**3 + 2*o**2 - o - 94. Let k be (-126)/70 - -2 - (2 - (-54)/(-30)). Give m(k).
-94
Let m(q) = 117*q + 186. Let j(x) = -14*x - 23. Let g(l) = -33*j(l) - 4*m(l). Give g(2).
3
Let r(b) = 5*b**2 + 2*b - 9*b**2 - 9*b**2 + 8 - b**3 - b. Let g = -847 - -834. Determine r(g).
-5
Let u(m) = -m - 5. Let f be u(0). Let y(c) = 261*c + 2043. Let a be y(-8). Let l be (5/(-2))/(f - a/10). Let o(h) = 2*h. Calculate o(l).
10
Let f(n) = -n + 40. Let y = 55 + -61. Let l(o) = -4. Let b(z) = y*l(z) - f(z). Determine b(5).
-11
Let g(i) = 41*i - 15 + 6*i**2 - 37*i + 4 - i**3. Let b be g(6). Let z(f) = -f**2 + 13*f + 4. Let m be z(b). Let w(a) = -a + 4. Give w(m).
0
Let h(d) be the first derivative of d**4/4 + 19*d**3/3 - 2*d**2 + d - 1373. Calculate h(-19).
77
Suppose 0 = 6*c + 9*c - 45. Let n(s) be the second derivative of -1/12*s**4 + 0 + 0*s**2 - 5*s + 0*s**3. What is n(c)?
-9
Let t(h) = 8*h - 31*h**2 - 19*h**2 - 20*h**2 - 4 + 72*h**2. Suppose -31 + 3 = 4*k. Calculate t(k).
38
Suppose q - 37 = -42. Let y(s) = -s**2 - 8*s + 19. What is y(q)?
34
Suppose -29530 - 17745 = -25*u. Let a(m) = 7 - m**2 + u*m - 1892*m - 2. Suppose 2*x = -x. Determine a(x).
5
Let z(f) = 5*f**3 + 17*f**2 - 3*f + 9. Let d(b) = 2*b**3 + 6*b**2 - b + 3. Let c be (-2*9/12)/(24/(-128)). Let i(o) = c*d(o) - 3*z(o). Calculate i(3).
0
Let v(x) be the first derivative of 9*x**2/2 - 6*x + 8. Let t(c) = -14*c + 8. Let b(a) = -2*t(a) - 3*v(a). Calculate b(-7).
-5
Let k(i) = -18*i + 186. Let a be k(8). Let s be -4*a/24 + 10. Let t(o) = o**3 - 2*o**2 - 2. Calculate t(s).
7
Let l(u) = -6*u**2 + 0*u + u**3 - 6*u + 8 + 5*u + 15*u**2 - 2*u**3. Determine l(9).
-1
Let b be ((-36)/(-8))/3*2. Let n(w) = b*w + 4*w - 5*w - w - 11. Determine n(8).
-3
Let a(n) = -6*n**3 - 60*n**2 + 3*n - 5. Let i(w) = 2*w**3 + 21*w**2 - w + 2. Let p(u) = -6*a(u) - 17*i(u). Calculate p(-3).
-28
Let p(v) = v**3 - 15*v**2 + 30*v - 45. Let m be p(13). Let k(z) = 0 + z + 6 - m - 3. Determine k(-1).
-5
Let c be (12 + -11)*(-9)/((-27)/(-21)). Let j(z) = -z**2 + 19. Give j(c).
-30
Let b(i) = -i + 3. Let m be 1*(-12 + (-4 - -6)). Let s = m - 31. Let u = -48 - s. Give b(u).
10
Let a(b) = -b**2 + 10*b - 4. Let l = -18 + 21. Suppose -n + 24*w + 8 = 21*w, l*w - 22 = -5*n. What is a(n)?
21
Let x be -5*(-2 - ((-210)/(-25) - 8)). Let h(o) = 4*o**2 - 49*o + 20. Give h(x).
8
Let v(i) be the second derivative of -i**4/12 - 4*i**3/3 + 3*i**2 + 8922*i. What is v(3)?
-27
Let i(d) = -22*d + 110*d - 30*d - 17*d - 18*d - 22*d - 12. Let f(c) = c**2 + 5*c. Let b be f(-7). Determine i(b).
2
Let h(m) = 5*m + m + 281 - 174 - 139. What is h(7)?
10
Let p be ((-7)/5 - 1)/(1/15). Let h be (-2 + p/(-8))*2. Let q(n) = n. Let d(g) = g**2 - 6. Let j(l) = d(l) - 6*q(l). Calculate j(h).
-11
Let q(w) = -4*w. Suppose 50 = 5*s - 5*d, s - 4*d + 7*d = 30. Suppose 38*c - 69 = s*c. What is q(c)?
-12
Let f(b) = -1955 + 2*b**2 + 1932 + 0*b**2 + 4*b - 21*b - 3*b**2. Calculate f(-9).
49
Let m(o) be the second derivative of -o**4/12 + 10*o**3/3 - 63*o**2/2 + 909*o. Determine m(16).
1
Suppose -773 - 157 = 80*s + 350. Let r(v) = -v**3 - 15*v**2 + 19*v + 36. Determine r(s).
-12
Let s(p) = p**2 + 7*p + 6. Let n = -70 + 63. Let f = -14 - n. Calculate s(f).
6
Let m(f) be the first derivative of f**4/4 - 2*f**3 - 7*f**2 - 21*f - 873. What is m(8)?
-5
Suppose -24 = 43*z - 40*z. Let o(i) = -i**3 - 5*i**2 + 21*i - 26. Calculate o(z).
-2
Let t(f) = 5*f**3 - 13*f**2 + 13*f - 30. Let p(y) = 13*y + 32. Let v be p(-3). Let j(i) = -2*i**3 + 6*i**2 - 6*i + 13. Let a(k) = v*j(k) - 3*t(k). Give a(-3).
-10
Let v be (-3 + 3)/((-20)/10). Suppose -3*t - f + 17 = v, t - 5*f + f - 10 = 0. Let n(d) = -d**3 + 7*d**2 - 8*d - 3. Give n(t).
-15
Let v = 23 - 41. Let i = v - -22. Let p(w) = -8*w - 4*w + 11*w - i. Calculate p(-2).
-2
Let p(z) = z + 2. Let i(n) = -5*n - 21. Let x be i(-5). Suppose x*t + 7 - 19 = 0. Suppose 8*s + t*s = -22. Give p(s).
0
Let v(i) be the second derivative of i**4/12 - 19*i**3/6 + 12*i**2 + 133*i - 1. Calculate v(12).
-60
Let l(q) = 8*q**3 - 15*q**2 - 7*q - 7